{"id":2354,"date":"2013-03-05T23:07:33","date_gmt":"2013-03-05T23:07:33","guid":{"rendered":"http:\/\/www.timport.net\/web\/?page_id=2354"},"modified":"2013-04-08T19:24:30","modified_gmt":"2013-04-08T19:24:30","slug":"gestion-de-cobranza","status":"publish","type":"page","link":"https:\/\/www.timport.net\/web\/gestion-de-cobranza\/","title":{"rendered":"Gesti\u00f3n de Cobranza"},"content":{"rendered":"<p style=\"text-align: center;\"><a href=\"http:\/\/www.timport.net\/web\/wp-content\/uploads\/2013\/03\/cobranzasss.jpg\" data-rel=\"prettyPhoto[this_page]\" title=\"\"><img loading=\"lazy\" decoding=\"async\" class=\"size-full wp-image-2553 aligncenter\" alt=\"cobranzasss\" src=\"http:\/\/www.timport.net\/web\/wp-content\/uploads\/2013\/03\/cobranzasss.jpg\" width=\"640\" height=\"180\" srcset=\"https:\/\/www.timport.net\/web\/wp-content\/uploads\/2013\/03\/cobranzasss.jpg 640w, https:\/\/www.timport.net\/web\/wp-content\/uploads\/2013\/03\/cobranzasss-300x84.jpg 300w\" sizes=\"auto, (max-width: 640px) 100vw, 640px\" \/><\/a><\/p>\n<p>Para tal fin contamos con el personal debidamente capacitado y entrenado para realizar las funciones que sean necesarias y que nos ayuden a recuperar el dinero de nuestros clientes.<\/p>\n<p>Dentro de esta gesti\u00f3n podemos encontrar:<\/p>\n<p><span class=\"lambda-highlight1\">Gesti\u00f3n de Cobranza Preventiva<\/span><\/p>\n<p>Es aquella gesti\u00f3n que se inicia d\u00edas previos al vencimiento de las cuotas haciendo recordar al cliente del vencimiento y d\u00e1ndole informaci\u00f3n de lugares de pago; asimismo se le da algunas recomendaciones de lo importante que es tener un buen comportamiento de pago.<\/p>\n<p><span class=\"lambda-highlight1\">Gesti\u00f3n de Cobranza Vencida<\/span><\/p>\n<p>Es aquella que se inicia pasada la fecha de pago; esta gesti\u00f3n var\u00eda seg\u00fan el cliente y debe estar claramente explicada en el contrato de gesti\u00f3n para nosotros tener una protecci\u00f3n legal ante cualquier eventualidad.<\/p>\n","protected":false},"excerpt":{"rendered":"<p>Para tal fin contamos con el personal debidamente capacitado y entrenado para realizar las funciones que sean necesarias y que nos ayuden a recuperar el dinero de nuestros clientes. Dentro de esta gesti\u00f3n podemos encontrar: Gesti\u00f3n de Cobranza Preventiva Es aquella gesti\u00f3n que se inicia d\u00edas previos al vencimiento de las cuotas haciendo recordar al cliente del vencimiento y d\u00e1ndole informaci\u00f3n de lugares de pago; asimismo se le da algunas <a class=\"excerpt\" href=\"https:\/\/www.timport.net\/web\/gestion-de-cobranza\/\">Read More<\/a><\/p>\n","protected":false},"author":1,"featured_media":0,"parent":0,"menu_order":0,"comment_status":"closed","ping_status":"open","template":"","meta":{"footnotes":""},"class_list":["post-2354","page","type-page","status-publish","hentry"],"jetpack_sharing_enabled":true,"_links":{"self":[{"href":"https:\/\/www.timport.net\/web\/wp-json\/wp\/v2\/pages\/2354","targetHints":{"allow":["GET"]}}],"collection":[{"href":"https:\/\/www.timport.net\/web\/wp-json\/wp\/v2\/pages"}],"about":[{"href":"https:\/\/www.timport.net\/web\/wp-json\/wp\/v2\/types\/page"}],"author":[{"embeddable":true,"href":"https:\/\/www.timport.net\/web\/wp-json\/wp\/v2\/users\/1"}],"replies":[{"embeddable":true,"href":"https:\/\/www.timport.net\/web\/wp-json\/wp\/v2\/comments?post=2354"}],"version-history":[{"count":11,"href":"https:\/\/www.timport.net\/web\/wp-json\/wp\/v2\/pages\/2354\/revisions"}],"predecessor-version":[{"id":2357,"href":"https:\/\/www.timport.net\/web\/wp-json\/wp\/v2\/pages\/2354\/revisions\/2357"}],"wp:attachment":[{"href":"https:\/\/www.timport.net\/web\/wp-json\/wp\/v2\/media?parent=2354"}],"curies":[{"name":"wp","href":"https:\/\/api.w.org\/{rel}","templated":true}]}}