{"id":2427,"date":"2013-03-19T20:12:02","date_gmt":"2013-03-19T20:12:02","guid":{"rendered":"http:\/\/www.timport.net\/web\/?page_id=2427"},"modified":"2013-03-21T21:36:29","modified_gmt":"2013-03-21T21:36:29","slug":"venta-e-instalacion-de-gps","status":"publish","type":"page","link":"https:\/\/www.timport.net\/web\/servicios-2\/venta-e-instalacion-de-gps\/","title":{"rendered":"Venta e Instalacion de GPS"},"content":{"rendered":"<p><a href=\"http:\/\/www.timport.net\/web\/wp-content\/uploads\/2013\/03\/rastreo.jpg\" data-rel=\"prettyPhoto[this_page]\" title=\"\"><img loading=\"lazy\" decoding=\"async\" class=\"size-full wp-image-2352 alignleft\" alt=\"rastreo\" src=\"http:\/\/www.timport.net\/web\/wp-content\/uploads\/2013\/03\/rastreo.jpg\" width=\"288\" height=\"239\" \/><\/a><\/p>\n<p align=\"justify\">Para ello contamos con una Plataforma Web implementada en un servidor que se encuentra ubicado en la Unidad de Desarrollo de Ciencia y Tecnolog\u00eda de la universidad de Shenzhen; este\u00a0ambiente cuenta con todas las caracter\u00edsticas favorables para el correcto funcionamiento del servidor as\u00ed como soporte las 24 horas, los 365 d\u00edas del a\u00f1o.<\/p>\n<p align=\"justify\">Gracias a esta plataforma podemos acceder desde cualquier dispositivo que tenga internet como una Laptop, PC, Tablet y algunos Smartphones; de esta forma nuestros clientes pueden ver en tiempo real la ubicaci\u00f3n exacta de sus unidades desde cualquier ubicaci\u00f3n que se encuentren contando con un usuario y contrase\u00f1a previamente asignada al cliente.<\/p>\n<p align=\"justify\">Nuestro personal est\u00e1 capacitado para actuar de manera inmediata cuando ocurren eventos, as\u00ed como brindar de manera eficiente y precisa informaci\u00f3n sobre las ubicaciones de los veh\u00edculos cuando es requerida.<\/p>\n<h2>\u00bfComo funciona?<\/h2>\n<p align=\"justify\">Este servicio tiene como soporte al sistema GPS el cual transmite a trav\u00e9s de Internet la posici\u00f3n del veh\u00edculo. Podr\u00e1s acceder a trav\u00e9s de Internet a un mapa digitalizado para supervisar la posici\u00f3n de tus veh\u00edculos.<\/p>\n<h2>*Caracteristicas<\/h2>\n<ul>\n<li>Rastreo Satelital GPS de tu flota vehicular (camiones, autos, motos, etc.)<\/li>\n<li>Monitoreo remoto desde cualquier acceso a Internet (PC, Laptop, Smartphone, Tablet)<\/li>\n<li>Herramienta de reportes gerenciales<\/li>\n<\/ul>\n<h2>\u00bfQue beneficiones obtiene?<\/h2>\n<p>Acceso directo al sistema desde Internet o Smartphone para ubicar el veh\u00edculo On-Line.<\/p>\n<ul>\n<li>Supervisi\u00f3n y control de las flotas de los veh\u00edculos de la empresa.<\/li>\n<li>Reducci\u00f3n de costos (Entregas \/ Despachos) e incremento de la productividad.<\/li>\n<li>Las soluciones de localizaci\u00f3n vehicular de Movistar brindan las mejores<br \/>\nherramientas de trabajo para:<\/p>\n<ul>\n<li>Empresas de Transporte (Personal \/ Carga)<\/li>\n<li>Empresas con Flota (Delivery \/ Reparto)<\/li>\n<\/ul>\n<\/li>\n<\/ul>\n<blockquote><p>*Para acceder a estas caracteristicas, es necesario contratar el servicio de monitoreo.<\/p><\/blockquote>\n","protected":false},"excerpt":{"rendered":"<p>Para ello contamos con una Plataforma Web implementada en un servidor que se encuentra ubicado en la Unidad de Desarrollo de Ciencia y Tecnolog\u00eda de la universidad de Shenzhen; este\u00a0ambiente cuenta con todas las caracter\u00edsticas favorables para el correcto funcionamiento del servidor as\u00ed como soporte las 24 horas, los 365 d\u00edas del a\u00f1o. Gracias a esta plataforma podemos acceder desde cualquier dispositivo que tenga internet como una Laptop, PC, Tablet <a class=\"excerpt\" href=\"https:\/\/www.timport.net\/web\/servicios-2\/venta-e-instalacion-de-gps\/\">Read More<\/a><\/p>\n","protected":false},"author":1,"featured_media":0,"parent":2385,"menu_order":0,"comment_status":"closed","ping_status":"closed","template":"","meta":{"footnotes":""},"class_list":["post-2427","page","type-page","status-publish","hentry"],"jetpack_sharing_enabled":true,"_links":{"self":[{"href":"https:\/\/www.timport.net\/web\/wp-json\/wp\/v2\/pages\/2427","targetHints":{"allow":["GET"]}}],"collection":[{"href":"https:\/\/www.timport.net\/web\/wp-json\/wp\/v2\/pages"}],"about":[{"href":"https:\/\/www.timport.net\/web\/wp-json\/wp\/v2\/types\/page"}],"author":[{"embeddable":true,"href":"https:\/\/www.timport.net\/web\/wp-json\/wp\/v2\/users\/1"}],"replies":[{"embeddable":true,"href":"https:\/\/www.timport.net\/web\/wp-json\/wp\/v2\/comments?post=2427"}],"version-history":[{"count":5,"href":"https:\/\/www.timport.net\/web\/wp-json\/wp\/v2\/pages\/2427\/revisions"}],"predecessor-version":[{"id":2430,"href":"https:\/\/www.timport.net\/web\/wp-json\/wp\/v2\/pages\/2427\/revisions\/2430"}],"up":[{"embeddable":true,"href":"https:\/\/www.timport.net\/web\/wp-json\/wp\/v2\/pages\/2385"}],"wp:attachment":[{"href":"https:\/\/www.timport.net\/web\/wp-json\/wp\/v2\/media?parent=2427"}],"curies":[{"name":"wp","href":"https:\/\/api.w.org\/{rel}","templated":true}]}}